{"id":63,"date":"2024-02-14T00:00:08","date_gmt":"2024-02-13T23:00:08","guid":{"rendered":"http:\/\/aahestia.com\/?page_id=63"},"modified":"2024-02-15T12:00:31","modified_gmt":"2024-02-15T11:00:31","slug":"renovation-energetique","status":"publish","type":"page","link":"https:\/\/aahestia.com\/index.php\/renovation-energetique\/","title":{"rendered":"R\u00c9NOVATION \u00c9NERG\u00c9TIQUE"},"content":{"rendered":"\n<p class=\"has-medium-font-size\">A la recherche de confort thermique d&rsquo;hiver et d&rsquo;\u00e9t\u00e9, d&rsquo;\u00e9conomies sur vos factures d&rsquo;\u00e9nergie, &#8230;, votre logement est mal class\u00e9 pour une vente ou une location, optez pour la r\u00e9novation \u00e9nerg\u00e9tique.<\/p>\n\n\n\n<p class=\"has-medium-font-size\">Sous la forme de conseils, par la r\u00e9alisation d&rsquo;un <strong>audit \u00e9nerg\u00e9tique<\/strong> et de propositions d&rsquo;am\u00e9nagement valorisant votre bien, l&rsquo;Atelier d&rsquo;Architecture Hestia est certifi\u00e9 <strong>RGE<\/strong> et pr\u00e9sent dans l&rsquo;annuaire France R\u00e9nov pour les audits \u00e9nerg\u00e9tiques de maisons individuelles et d&rsquo;immeubles en mono-propri\u00e9t\u00e9.<\/p>\n\n\n\n<p class=\"has-medium-font-size\">Sous la forme de missions de maitrise d\u2019\u0153uvre compl\u00e9mentaires, l&rsquo;Atelier d&rsquo;Architecture Hestia r\u00e9alise vos d\u00e9clarations d&rsquo;autorisation d&rsquo;urbanisme et administratives, encadre et suit vos travaux en collaboration avec des entreprises RGE partenaires pour une prestation compl\u00e8te de qualit\u00e9.<\/p>\n\n\n\n<p><\/p>\n\n\n<div class=\"wp-block-image\">\n<figure class=\"aligncenter size-full is-resized\"><img loading=\"lazy\" decoding=\"async\" width=\"720\" height=\"480\" src=\"http:\/\/aahestia.com\/wp-content\/uploads\/2024\/02\/label-rge.jpg\" alt=\"\" class=\"wp-image-71\" style=\"width:385px;height:auto\" srcset=\"https:\/\/aahestia.com\/wp-content\/uploads\/2024\/02\/label-rge.jpg 720w, https:\/\/aahestia.com\/wp-content\/uploads\/2024\/02\/label-rge-300x200.jpg 300w, https:\/\/aahestia.com\/wp-content\/uploads\/2024\/02\/label-rge-174x116.jpg 174w\" sizes=\"auto, (max-width: 720px) 100vw, 720px\" \/><\/figure>\n<\/div>\n\n<div class=\"wp-block-image\">\n<figure class=\"aligncenter size-full is-resized\"><img loading=\"lazy\" decoding=\"async\" width=\"584\" height=\"526\" src=\"http:\/\/aahestia.com\/wp-content\/uploads\/2024\/02\/label-afe.webp\" alt=\"\" class=\"wp-image-72\" style=\"width:304px;height:auto\" srcset=\"https:\/\/aahestia.com\/wp-content\/uploads\/2024\/02\/label-afe.webp 584w, https:\/\/aahestia.com\/wp-content\/uploads\/2024\/02\/label-afe-300x270.webp 300w, https:\/\/aahestia.com\/wp-content\/uploads\/2024\/02\/label-afe-129x116.webp 129w\" sizes=\"auto, (max-width: 584px) 100vw, 584px\" \/><\/figure>\n<\/div>","protected":false},"excerpt":{"rendered":"<p>A la recherche de confort thermique d&rsquo;hiver et d&rsquo;\u00e9t\u00e9, d&rsquo;\u00e9conomies sur vos factures d&rsquo;\u00e9nergie, &#8230;, votre logement est mal class\u00e9 &hellip; <a href=\"https:\/\/aahestia.com\/index.php\/renovation-energetique\/\" class=\"more-link\">Continue reading <span class=\"screen-reader-text\">R\u00c9NOVATION \u00c9NERG\u00c9TIQUE<\/span><\/a><\/p>\n","protected":false},"author":1,"featured_media":157,"parent":0,"menu_order":0,"comment_status":"closed","ping_status":"closed","template":"","meta":{"footnotes":""},"class_list":["post-63","page","type-page","status-publish","has-post-thumbnail","hentry"],"_links":{"self":[{"href":"https:\/\/aahestia.com\/index.php\/wp-json\/wp\/v2\/pages\/63","targetHints":{"allow":["GET"]}}],"collection":[{"href":"https:\/\/aahestia.com\/index.php\/wp-json\/wp\/v2\/pages"}],"about":[{"href":"https:\/\/aahestia.com\/index.php\/wp-json\/wp\/v2\/types\/page"}],"author":[{"embeddable":true,"href":"https:\/\/aahestia.com\/index.php\/wp-json\/wp\/v2\/users\/1"}],"replies":[{"embeddable":true,"href":"https:\/\/aahestia.com\/index.php\/wp-json\/wp\/v2\/comments?post=63"}],"version-history":[{"count":9,"href":"https:\/\/aahestia.com\/index.php\/wp-json\/wp\/v2\/pages\/63\/revisions"}],"predecessor-version":[{"id":159,"href":"https:\/\/aahestia.com\/index.php\/wp-json\/wp\/v2\/pages\/63\/revisions\/159"}],"wp:featuredmedia":[{"embeddable":true,"href":"https:\/\/aahestia.com\/index.php\/wp-json\/wp\/v2\/media\/157"}],"wp:attachment":[{"href":"https:\/\/aahestia.com\/index.php\/wp-json\/wp\/v2\/media?parent=63"}],"curies":[{"name":"wp","href":"https:\/\/api.w.org\/{rel}","templated":true}]}}