{"id":58,"date":"2024-02-14T21:10:43","date_gmt":"2024-02-14T20:10:43","guid":{"rendered":"http:\/\/aahestia.com\/?page_id=58"},"modified":"2025-09-23T18:07:50","modified_gmt":"2025-09-23T16:07:50","slug":"projets-et-competences","status":"publish","type":"page","link":"https:\/\/aahestia.com\/index.php\/projets-et-competences\/","title":{"rendered":"MISSIONS"},"content":{"rendered":"\n<div class=\"wp-block-group\"><div class=\"wp-block-group__inner-container is-layout-constrained wp-block-group-is-layout-constrained\">\n<p class=\"has-medium-font-size\">Mission d\u2019architecture : les diff\u00e9rents r\u00f4les de l\u2019architecte<\/p>\n\n\n\n<p class=\"has-medium-font-size\">De par ses comp\u00e9tences et formations, l\u2019Atelier d&rsquo;Architecture Hestia peut intervenir sur de nombreuses missions.<\/p>\n\n\n\n<p class=\"has-text-color has-link-color has-large-font-size wp-elements-3cb2862321517403492473a46fc77d6b\" style=\"color:#663c6d;text-transform:uppercase\"><strong>LES missionS de conseil<\/strong><\/p>\n\n\n\n<p class=\"has-small-font-size\"><em>Ces missions sont tarif\u00e9es au forfait ou au taux horaire.<\/em><\/p>\n\n\n\n<p class=\"has-medium-font-size\"><strong>La mission de conseil<\/strong><\/p>\n\n\n\n<p class=\"has-text-align-left has-medium-font-size\">Les missions de conseil ne sont pas des missions de maitrise d\u2019\u0153uvre. <\/p>\n\n\n\n<p class=\"has-medium-font-size\">Cette mission ponctuelle peut avoir lieu pour diff\u00e9rents cas (liste non exhaustive):<\/p>\n\n\n\n<ul class=\"wp-block-list\">\n<li class=\"has-medium-font-size\">Visiter un b\u00e2timent et \u00e9valuer rapidement son \u00e9tat et ses capacit\u00e9s d\u2019\u00e9volution,<\/li>\n\n\n\n<li class=\"has-medium-font-size\">Donner un avis sur une demande de permis de construire complexe,<\/li>\n\n\n\n<li class=\"has-medium-font-size\">Donner un premier avis sur un espace urbain \u00e0 am\u00e9liorer,<\/li>\n\n\n\n<li class=\"has-medium-font-size\">Examiner un terrain pour estimer ses qualit\u00e9s et ses points faibles,<\/li>\n\n\n\n<li class=\"has-medium-font-size\">Accompagner les conseils qui pr\u00e9c\u00e8dent d\u2019un compte rendu ou d\u2019un rapport \u00e9crit, &#8230;<\/li>\n<\/ul>\n\n\n\n<p class=\"has-medium-font-size\">Il s\u2019agit notamment pour un ma\u00eetre d\u2019ouvrage qui dispose de questions pr\u00e9cises de se fier \u00e0 l\u2019expertise de l\u2019architecte, de mani\u00e8re \u00e0 avancer dans son projet ou \u00e0 s\u2019orienter.<\/p>\n\n\n\n<p class=\"has-medium-font-size\">Cette mission est tarif\u00e9e au taux horaire et ne va pas n\u00e9cessiter d\u2019analyses sp\u00e9cifiques ou de rendus de la part de l\u2019architecte. <\/p>\n\n\n\n<p class=\"has-medium-font-size\"><strong>La mission d&rsquo;audit \u00e9nerg\u00e9tique<\/strong><\/p>\n\n\n\n<p class=\"has-medium-font-size\">La r\u00e9alisation d\u2019un audit \u00e9nerg\u00e9tique r\u00e9glementaire est obligatoire pour : <\/p>\n\n\n\n<p class=\"has-medium-font-size\">&#8211; tous les biens \u00e0 usage d\u2019habitation, logements individuels et immeubles collectifs d\u2019habitation appartenant \u00e0 un seul et m\u00eame propri\u00e9taire, propos\u00e9s \u00e0 la vente et class\u00e9s D, E, F ou G au regard du DPE selon le calendrier suivant : <\/p>\n\n\n\n<p class=\"has-text-align-center has-medium-font-size\">&#8211; A compter du 1er avril 2023 pour les logements class\u00e9s F ou G ; <\/p>\n\n\n\n<p class=\"has-text-align-center has-medium-font-size\">&#8211; A compter du 1er janvier 2025 pour les logements class\u00e9s E : <\/p>\n\n\n\n<p class=\"has-text-align-center has-medium-font-size\">&#8211; A compter du 1er janvier 2034 pour les logements class\u00e9s D.<\/p>\n\n\n\n<p class=\"has-medium-font-size\">&#8211; pour b\u00e9n\u00e9ficier des bonus d\u2019aides pour toute r\u00e9novation globale ou partielle sortant le logement du statut de passoire thermique, avec le dispositif MaPrimeR\u00e9nov\u2019 et CEE de l&rsquo;anah.<\/p>\n\n\n\n<p class=\"has-medium-font-size\">&#8211; pour b\u00e9n\u00e9ficier d\u2019un \u00e9co-ptz pour des travaux de r\u00e9novation globale permettant \u00e0 votre logement d&rsquo;atteindre une performance \u00e9nerg\u00e9tique minimale<\/p>\n\n\n\n<p class=\"has-medium-font-size\">L\u2019audit \u00e9nerg\u00e9tique est encadr\u00e9 par des textes r\u00e9glementaires et est r\u00e9alis\u00e9 en amont de la r\u00e9novation pour d\u00e9terminer les performances \u00e9nerg\u00e9tiques globales du logement et les consommations conventionnelles avant et apr\u00e8s travaux sur les usages chauffage, refroidissement et production d&rsquo;eau chaude sanitaire. Il permet aussi de r\u00e9aliser une premi\u00e8re estimation financi\u00e8re du co\u00fbt des travaux. <\/p>\n\n\n\n<p class=\"has-medium-font-size\">L\u2019audit \u00e9nerg\u00e9tique est r\u00e9alis\u00e9 avec le logiciel Cap R\u00e9nov+ ou Liciel conventionn\u00e9 pour ce type de mission.<\/p>\n\n\n\n<p class=\"has-medium-font-size\">Cette mission est tarif\u00e9e au forfait en fonction du bien \u00e0 \u00e9valuer.<\/p>\n\n\n\n<p class=\"has-medium-font-size\"><\/p>\n\n\n\n<p class=\"has-medium-font-size\"><strong>La mission MAR (Mon Accompagnateur R\u00e9nov)<\/strong><\/p>\n\n\n\n<p class=\"has-medium-font-size\">Mon Accompagnateur R\u00e9nov\u2019 est un interlocuteur de confiance qui a \u00e9t\u00e9 agr\u00e9\u00e9 par l\u2019\u00c9tat pour accompagner les m\u00e9nages dans leurs projets de travaux de r\u00e9novation \u00e9nerg\u00e9tique afin de renforcer leur qualit\u00e9 et l\u2019efficacit\u00e9. Il assure des prestations socles obligatoires et peut proposer des prestations facultatives ou renforc\u00e9es, notamment pour les situations d\u2019insalubrit\u00e9, de perte d\u2018autonomie ou de pr\u00e9carit\u00e9 \u00e9nerg\u00e9tique.<\/p>\n\n\n\n<p class=\"has-medium-font-size\">Son accompagnement est obligatoire depuis le 1er janvier 2024 pour mobiliser les aides financi\u00e8res \u00e0 la r\u00e9novation globale.<\/p>\n\n\n\n<p class=\"has-medium-font-size\">Cette mission est tarif\u00e9e au forfait en fonction du bien \u00e0 \u00e9valuer.<\/p>\n\n\n\n<p><\/p>\n\n\n\n<p><\/p>\n\n\n\n<p class=\"has-text-color has-link-color has-large-font-size wp-elements-98b4243d229e5e26da34c636129fae39\" style=\"color:#663c6d;text-transform:uppercase\"><strong>Les missions de conception architecturale<\/strong><\/p>\n\n\n\n<p class=\"has-small-font-size\"><em>Ces missions sont tarif\u00e9es au forfait ou au pourcentage du montant HT des travaux r\u00e9alis\u00e9s selon le projet.<\/em><\/p>\n\n\n\n<p class=\"has-medium-font-size\" style=\"text-transform:none\"><strong>La mission d&rsquo;\u00e9tudes pr\u00e9liminaires<\/strong><\/p>\n\n\n\n<p class=\"has-medium-font-size\" style=\"text-transform:none\">Premi\u00e8re intervention sommaire, durant laquelle l\u2019architecte peut faire un \u00e9tat des lieux de l\u2019existant, un pr\u00e9chiffrage tr\u00e8s g\u00e9n\u00e9ral et quelques recommandations. Cette mission peut notamment \u00eatre utile avant une acquisition immobili\u00e8re. Elle peut \u00e9galement permettre de d\u00e9finir le r\u00f4le de l\u2019architecte pour une mission plus compl\u00e8te. Elle se tarifie au forfait.<\/p>\n\n\n\n<p class=\"has-medium-font-size\" style=\"text-transform:none\"><strong>La mission d&rsquo;avant-projet sommaire (APS) <\/strong><\/p>\n\n\n\n<p class=\"has-medium-font-size\" style=\"text-transform:none\">La mission APS s\u2019int\u00e9resse notamment aux r\u00e8gles d\u2019urbanisme (par le biais d\u2019\u00e9change avec les services concern\u00e9s) et pr\u00e9sente les diff\u00e9rentes solutions techniques disponibles pour la r\u00e9alisation du projet, afin de valider une hypoth\u00e8se. Cette mission est indispensable pour pr\u00e9ciser et orienter un projet architectural.<\/p>\n\n\n\n<p class=\"has-medium-font-size\" style=\"text-transform:none\"><strong>La mission d&rsquo;avant-projet d\u00e9finitif&nbsp; (APD) <\/strong><\/p>\n\n\n\n<p class=\"has-medium-font-size\" style=\"text-transform:none\">La mission APD est une \u00e9tude finalis\u00e9e du projet, qui d\u00e9taille clairement la solution choisie, et r\u00e9alise une estimation pr\u00e9cise des co\u00fbts ainsi que du planning pr\u00e9visionnel des travaux. Cette mission va permettre de demander les autorisations d\u2019urbanisme gr\u00e2ce \u00e0 la r\u00e9alisation de plans et \u00e0 une description pr\u00e9cise du projet dans son ensemble.<\/p>\n\n\n\n<p class=\"has-medium-font-size\" style=\"text-transform:none\"><strong>La mission d\u2019autorisations d\u2019urbanisme<\/strong><\/p>\n\n\n\n<p class=\"has-medium-font-size\" style=\"text-transform:none\">Cette mission, sur la base de la mission APD, \u00e9tablit le dossier comprenant les pi\u00e8ces graphiques et \u00e9crites n\u00e9cessaires \u00e0 la demande d\u2019autorisation d\u2019urbanisme et assiste le client pour la constitution du dossier administratif, y compris pour organiser les \u00e9ventuelles consultations des services instructeurs en amont du d\u00e9p\u00f4t du dossier.<\/p>\n\n\n\n<p class=\"has-medium-font-size\" style=\"text-transform:none\"><\/p>\n\n\n\n<p class=\"has-medium-font-size\" style=\"text-transform:none\"><strong>Le dossier de consultation des entreprises<\/strong><\/p>\n\n\n\n<p class=\"has-medium-font-size\" style=\"text-transform:none\">La mission de r\u00e9alisation du dossier de consultation aux entreprises (DCE) comprend la r\u00e9alisation des plans, les descriptifs d\u00e9taill\u00e9s et les quantitatifs n\u00e9cessaires au chiffrage pr\u00e9cis de votre projet.<\/p>\n\n\n\n<p class=\"has-medium-font-size\" style=\"text-transform:none\">Cette mission permet l\u2019analyse et la comparaison des devis remis par les entreprises consult\u00e9es.<\/p>\n\n\n\n<p class=\"has-medium-font-size\" style=\"text-transform:none\">Cette mission va accompagner le ma\u00eetre d\u2019ouvrage dans le choix des professionnels. <\/p>\n\n\n\n<p><\/p>\n\n\n\n<p class=\"has-medium-font-size\" style=\"text-transform:none\"><\/p>\n\n\n\n<p class=\"has-text-color has-link-color has-large-font-size wp-elements-6e1a19f53b6dca9ecb6ad89ddb3f6555\" style=\"color:#663c6d;text-transform:uppercase\"><strong>LES missionS de r\u00e9alisation<\/strong><\/p>\n\n\n\n<p class=\"has-small-font-size\"><em>Ces missions sont tarif\u00e9es au pourcentage du montant HT des travaux r\u00e9alis\u00e9s.<\/em><\/p>\n\n\n\n<p class=\"has-medium-font-size\" style=\"text-transform:none\"><strong>Le suivi du chantier<\/strong><\/p>\n\n\n\n<p class=\"has-medium-font-size\" style=\"text-transform:none\">Apr\u00e8s avoir compos\u00e9 les march\u00e9s de travaux contractuels entre les entreprises et le maitre d&rsquo;ouvrage, la mission se r\u00e9sume \u00e0 assister le maitre d&rsquo;ouvrage dans la r\u00e9alisation des travaux de construction de son projet. La mission de direction de l\u2019ex\u00e9cution des travaux (DET) pour d\u00e9signer cette mission d\u2019architecture ou suivi de chantier, encadre et coordonne les entreprise durant le temps du chantier jusqu&rsquo;\u00e0 sa r\u00e9ception, par des r\u00e9union de chantier et comptes-rendus r\u00e9guliers (souvent hebdomadaires).<\/p>\n\n\n\n<p class=\"has-medium-font-size\" style=\"text-transform:none\"><strong>La r\u00e9ception du chantier<\/strong><\/p>\n\n\n\n<p class=\"has-medium-font-size\" style=\"text-transform:none\">La mission d\u2019assistance aux op\u00e9rations de r\u00e9ception (AOR) permet d&rsquo;assister le maitre d&rsquo;ouvrage lors du contr\u00f4le final des travaux ex\u00e9cut\u00e9s et leur approbation qui cl\u00f4tureront le chantier.<\/p>\n\n\n\n<p class=\"has-medium-font-size\" style=\"text-transform:none\">En cas de r\u00e9serves, la mission prend en charge le suivi du d\u00e9roulement des reprises ainsi que la lev\u00e9e de celles-ci.<\/p>\n\n\n\n<p class=\"has-medium-font-size\" style=\"text-transform:none\">Cette mission peut \u00eatre scind\u00e9e en plusieurs temps selon les ouvrages ou les projets. <\/p>\n\n\n\n<p><\/p>\n<\/div><\/div>\n","protected":false},"excerpt":{"rendered":"<p>Mission d\u2019architecture : les diff\u00e9rents r\u00f4les de l\u2019architecte De par ses comp\u00e9tences et formations, l\u2019Atelier d&rsquo;Architecture Hestia peut intervenir sur &hellip; <a href=\"https:\/\/aahestia.com\/index.php\/projets-et-competences\/\" class=\"more-link\">Continue reading <span class=\"screen-reader-text\">MISSIONS<\/span><\/a><\/p>\n","protected":false},"author":1,"featured_media":313,"parent":0,"menu_order":0,"comment_status":"closed","ping_status":"closed","template":"page-templates\/full-width.php","meta":{"footnotes":""},"class_list":["post-58","page","type-page","status-publish","has-post-thumbnail","hentry"],"_links":{"self":[{"href":"https:\/\/aahestia.com\/index.php\/wp-json\/wp\/v2\/pages\/58","targetHints":{"allow":["GET"]}}],"collection":[{"href":"https:\/\/aahestia.com\/index.php\/wp-json\/wp\/v2\/pages"}],"about":[{"href":"https:\/\/aahestia.com\/index.php\/wp-json\/wp\/v2\/types\/page"}],"author":[{"embeddable":true,"href":"https:\/\/aahestia.com\/index.php\/wp-json\/wp\/v2\/users\/1"}],"replies":[{"embeddable":true,"href":"https:\/\/aahestia.com\/index.php\/wp-json\/wp\/v2\/comments?post=58"}],"version-history":[{"count":16,"href":"https:\/\/aahestia.com\/index.php\/wp-json\/wp\/v2\/pages\/58\/revisions"}],"predecessor-version":[{"id":338,"href":"https:\/\/aahestia.com\/index.php\/wp-json\/wp\/v2\/pages\/58\/revisions\/338"}],"wp:featuredmedia":[{"embeddable":true,"href":"https:\/\/aahestia.com\/index.php\/wp-json\/wp\/v2\/media\/313"}],"wp:attachment":[{"href":"https:\/\/aahestia.com\/index.php\/wp-json\/wp\/v2\/media?parent=58"}],"curies":[{"name":"wp","href":"https:\/\/api.w.org\/{rel}","templated":true}]}}